- -2?
-1
What is 19 - 6 - (-79 + 101)?
-9
-7 + (0 - -21) + -27
-13
(-1 - -2) + (35 - 47)
-11
8 + 2 - (11 + 1 + -12)
10
Calculate 170 + -162 - (-1 - -12).
-3
What is the value of (1 - 0) + (140 - 132)?
9
-2 - (-3 - (-6 + -9 + 5) - 7)
-2
(13 - 0) + -22 + (28 - 11)
8
What is the value of -2 - (20 + 6) - (3 + 4 - 3)?
-32
What is the value of -19 - (7 + 0 + -17)?
-9
(19 - 2) + (15 - 52 - 0)
-20
Calculate -7 - 0 - -2 - (-1 - (-1 + -4)).
-9
What is the value of -15 + 6 + 30 + -29?
-8
What is -26 + 8 + (-1 - -2) + 6?
-11
(-538 - -540) + 0 + (8 + -1 - 0)
9
What is -6 - (1 - (0 - 5) - 12)?
0
What is (24 - 21 - 3) + 5 + -9?
-4
Calculate 9 + 0 - (29 + -18 + -7).
5
What is (56 - 65) + (-13 - -2)?
-20
What is the value of -12 - (-11 - (-7 + 4))?
-4
Evaluate -13 + 13 - (-8 - (1 + -1 + -2)).
6
Evaluate 5 + 39 + -19 + -8 + -1.
16
-3 + -8 - (-16 + 8)
-3
Evaluate (0 - (8 + -15)) + -5 + 3 + -13.
-8
What is -7 - (-21 - -7 - (7 - 2 - 7))?
5
What is (20 - 45 - -19) + 0 + 10?
4
What is the value of 0 + 52 + (-797 - -778)?
33
What is (-4 + -7 - -25) + -7?
7
What is the value of (-12 - (-44 - -17)) + -7?
8
(4 - (-9 + -1 + 14)) + 12
12
0 + 11 + -13 + 7
5
-5 - (2 - 6) - (-42 + 27)
14
Calculate (9 - 17) + (0 - 9).
-17
What is the value of (-27 - -33) + -38 + 2?
-30
1 + 4 - (-7 + (-30 - -26))
16
Evaluate -3 + (-24 - -27) + 2.
2
What is the value of -6 + (13 + 7 - (-8 - (7 - 7)))?
22
Calculate 9 + (26 - (18 - -4)).
13
1 - (8 + -11 + -2)
6
8 + (-29 - (-16 - -8))
-13
Calculate 29 + 8 + (-22 - 1).
14
What is -2 + (11 - (6 - 1)) + 1 + -9?
-4
What is the value of (3 + 2 - 13) + 5 + -2?
-5
Calculate 13 + 62 + -56 + (-5 - -2).
16
What is -25 - ((-7 - 4) + -3)?
-11
Calculate -11 + -1 - (263 + -269).
-6
What is -1 - 7 - (-23 + 25 - -5)?
-15
Evaluate -121 - -119 - (-2 - (0 - 12)).
-12
What is -17 - (-3 + (5 - 2) + 21 + -26)?
-12
Calculate (0 - 0) + -20 + 54 + 0.
34
What is the value of 10 - ((-6 - (-7 + 4)) + 8 - 3)?
8
(-135 - -136) + (-2 + (-1 - -2) - -15)
15
-23 + (6 - -25) - (-5 - 0)
13
(-22 + -19 + 33 - -27) + -51
-32
What is the value of (31 - 13) + -35 - -20?
3
What is -29 + -21 + -9 + 31?
-28
Evaluate -4 - -8 - (3 + -11 - 0).
12
What is the value of -22 + -31 + 40 - 1?
-14
What is (-44 - -41) + 6 + -14?
-11
What is the value of 2 - -3 - -3 - (-22 + -16 + 23)?
23
What is 3 - (6 + -4) - ((51 - 19) + -35)?
4
What is (0 + 1 - (447 - 435)) + -19?
-30
What is the value of 1 - (15 + -2 - 25 - 0)?
13
Calculate -50 + 41 - (5 + -1) - (-5 - -2).
-10
-9 + 2 + -4 - (9 - -1)
-21
What is -5 - (-10 + 5 + 7 - -2 - 8)?
-1
What is the value of 6 + 7 + -27 - -34?
20
Evaluate -4 - (6 - (-2 + -1 + -3 + 14)).
-2
Calculate -4835 + 4819 - (-1 + -1 + -3 + 2).
-13
Calculate (19 + -62 - 3) + 12.
-34
What is -1 + (14 - 14) + 1?
0
What is the value of (-62 - -44) + -1 + (0 - 1)?
-20
What is the value of -10 + 9 + 9 + -9?
-1
(-16 - -30) + -1 - (-8 - -3)
18
Evaluate 26 - (49 + -2) - -58.
37
What is the value of -9 + (8 - 14) + 9 + 2 + -5?
-9
Calculate -19 + 23 - 34 - (9 + -2).
-37
What is -12 + 2 + (9 - -8) + -20?
-13
(-15 - -1) + 117 + -101 - (-4 - -1)
5
Calculate (-15 - (-16 - 9)) + -3 - 32.
-25
Evaluate 4 + 9 + -13 + (3 - 2).
1
What is 5 - (-7 - (-3 - (5 - 2)))?
6
Calculate -6 - -15 - 6 - -6.
9
Calculate -6 + 23 - 7 - (-7 - 6).
23
Calculate (4 - 7) + -5 + 5 - (2 + -7).
2
15 + -26 - -10 - (-2 - 8)
9
Calculate -7 + -1 - (16 + (10 - 37)) - -16.
19
Calculate 16 - (-24 + 15) - 25.
0
What is the value of -3 + 1 - -1 - (0 - (-20 + 26))?
5
What is the value of (-35 - (-41 + 20)) + 13?
-1
What is -2 - (58 - 57 - (21 - -2))?
20
What is 1 + 4 - (25 + (6 - 15))?
-11
What is the value of (4 - -3) + (13 - 13) + (7 - -4)?
18
Evaluate (-11 + 13 - 0 - -7) + (2 - -4).
15
-9 + (27 + 2 - 4)
16
Calculate 0 + -2 + (-15 - (6 + -14)) - 4.
-13
What is the value of 0 - (17 + -13 + -5)?
1
What is 10 - 0 - (70 - 64)?
4
Calculate 10 - (9 + -16 + 10 + 9) - 33.
-35
What is -1 + 7 + (290 - 314) - (3 + 0)?
-21
Calculate -5 - -9 - -4 - (0 + -5).
13
What is the value of 0 - -30 - (-343 + 356 - (-1 + 15))?
31
Evaluate 32 + 1 + (11 + -24 - 3) + 14.
31
What is the value of (3 - (4 + -1)) + 2?
2
What is the value of 7 + -20 + 1 + 2 + 2 + 0?
-8
Evaluate (-30 - 0 - (-4 - -5)) + 45 + -45.
-31
-2 + 1 - (75 - 88)
12
Calculate (174 - 171) + -3 + (-1 - -3).
2
2 - -9 - (-233 - -239) - (-5 - 0)
10
-1 + 6 + (-294 - -276)
-13
Evaluate (-1 - 3 - -4) + (-6 - 0) + -2.
-8
What is the value of 17 - (36 + (-5 - -11) - 16)?
-9
4 + 1 + -20 + 12
-3
What is the value of (18 + -14 - 62) + 29?
-29
What is 18 - 7 - -2 - 12?
1
-1 + -2 - (-1 - (6 + -14))
-10
What is 1 + -5 - (-9 + 4 + -1 - -17)?
-15
Calculate (-1 - 4) + (0 + 13 - (-721 - -743)).
-14
What is -7 - (3 + -9 + -4 - 9)?
12
What is the value of 0 + 4 - (65 + -58) - (10 - 2)?
-11
What is the value of (0 - 2 - -22) + -19?
1
170 - 134 - (-3 + 21)
18
Evaluate 1 + (28 + -21 - -3).
11
What is the value of 15 + -26 + 10 + -2 + -11?
-14
What is 76 + -38 + (4 + -12 + -4 - -4)?
30
Evaluate (12 + 48 - -5) + -15 + -14.
36
What is the value of 0 + (0 - (8 - (9 - 10)))?
-9
(0 - -1 - -10) + (3038 - 3039)
10
Calculate (-5 + -16 - -11) + 0.
-10
Calculate -1 + -2 + -6 - (115 - 126).
2
What is 0 + 1 - (-141 + 146) - -13?
9
What is the value of -1 - (1 + -4) - (2 + (-4 - 2))?
6
36 + -7 + -36 + (0 - 0) + 13
6
Calculate -29 + 24 + (-2 - 3).
-10
4 - (-8 + 7 + (3 - 3))
5
What is (8 - 13) + 17 - 10 - (3 + 8)?
-9
What is the value of (-2 - -17) + (8 - (1 + 15))?
7
What is 24 - 13 - -12 - (19 + 1)?
3
0 + -15 + 7 + 4 - -2
-2
Evaluate 29 + (-37 - (-8 - -33)).
-33
What is the value of -7 + 5 + (18 - (24 + 0))?
-8
40 + -3 + -10 + -10
17
What is (-22 - -36) + (2 - 7) - 28?
-19
What is the value of (23 + -1 - 40) + 5?
-13
Calculate 6 - ((-12 - -3) + (-5 - 1)).
21
3 - (2 - -5) - (-27 + 24) - -8
7
What is the value of -3 - 0 - (-5 + 9) - (-74 + 44)?
23
What is the value of -16 - (19 - 14 - 16)?
-5
10 + 1 + -25 + 16 + 2
4
Calculate 242 + -235 + (-12 - -3).
-2
What is 25 - (-6 + -10 + 21)?
20
-11 + (5 - -2) + 6 - -6
8
3 + 0 + -4 + 9
8
-43 + 46 + 15 - 41
-23
Evaluate -4 - (1 + 0 + -2 - 0) - 6.
-9
Calculate (5 - 6 - 5 - 7) + (2 - -2).
-9
(6 - (22 + (-8 - -2))) + 15
5
Evaluate -7 + (1 - 4) - (-11 + 2 + 5).
-6
Evaluate -5 + -26 + 86 + -36.
19
What is (15 - (50 - 41)) + 0 + -1 + -5?
0
Calculate 14 - (29 + -15 + -8 + -5).
13
What is 21 + (38 - 45) + -1?
13
Evaluate 5 + -22 + -5 + 10.
-12
What is 3 - (-3 + (5 + 4 - -11))?
-14
What is 26 + (-45 - -5 - -11)?
-3
Evaluate 10 + -5 + 2 + (-31 - -3) + -9.
-30
What is the value of 11 + -12 + (8 - -5)?
12
Evaluate (7 - 21) + 14 + -6.
-6
What is the value of 4 + (-5 + -4 - (3 - 6)) + 3?
1
Evaluate (-10 + -2 - (8 - 41)) + -14.
7
Evaluate (9 + 9 - 10) + -15 + -1.
-8
Calculate -247 - -231 - (0 + -43).
27
What is the value of -11 - ((-8 - (-10 + 5)) + -5)?
-3
What is the value of -30 - -1 - (3449 + -3462)?
-16
Calculate 33 - (0 + (-4 - 2) - (5 - 17)).
27
(-2 + -3 + -1 - (-367 + 369)) + -20
-28
What is 13 + (-23 - (-23 - -12))?
1
What is the value of 11 + (-11 - -18 - 12)?
6
Calculate 2 + (-17 - (-186 - -185 - (1 + -4))).
-17
-11 - (-14 + (10 - (4 - (10 - 8))))
-5
(2 - -4) + (-69 - -70 - (1 + 6))
0
Evaluate 5 - 1 - ((-13 - -18) + -11).
10
(-7 - -8) + (10 - 9 - (1 - -26))
-25
Calculate -6 + (5 - (12 - 19)).
6
Calculate 19 + (-2 - (-7 - (-5 + -4))).
15
What is the value of 30 - 3 - (6 - (-8 + 7))?
20
What is (-1 - -33) + -35 + 19?
16
What is -11 - (-1 - -8 - 4 - 5)?
-9
Evaluate 1 + -1 + 17 + -10 + (-4 - 18).
-15
Calculate 6 + -6 - (4 - 15) - 12 - -10.
9
312 + -315 - (-25 - (0 + 0))
22
What is -53 + 27 - -19 - (-1 - (2 - -3))?
-1
What is -350 + 342 - (-26 + -3 + 3 + 1)?
17
-3 + (-18 - -9) - (17 + -12)
-17
What is the value of 35 + 15 + -41 + 26 + -12?
23
-11 + (-12 - ((4 - 2) + -9))
-16
What is the value of (5 - 3) + (-2 + -1 - 5)?
-6
(-58 + 50 - (1 - 20)) + -6
5
What is 9 - ((10 - (8 + -2)) + -8)?
13
-17 + 3 + (-3 - -8)
-9
What is -9 + (10 - 1 - 3) + -9 - -2?
-10
What is -14 - 0 - (-282 - -268)?
0
7 - -1 - -1 - (-744 - -751)
2
What is -17 - (-2 - -12 - (9 + -1))?
-19
Evaluate -3 - (13 - (-15 - -38)).
7
What is the value of 10 - (-2 - (-22 - -5))?
-5
Evaluate 41 + -20 - (5 + 2 + 2).
12
Calculate 1 + -19 + (25 - 38) + 27.
-4
Evaluate -4 + 6 - (10 - 8).
0
Evaluate (16 + -5 + 0 + -1 - 6) + -7.
-3
Calculate 127 + -117 